{"id":210,"date":"2021-11-23T23:35:05","date_gmt":"2021-11-23T23:35:05","guid":{"rendered":"http:\/\/aptsd.pt\/?page_id=210"},"modified":"2022-02-24T00:19:18","modified_gmt":"2022-02-24T00:19:18","slug":"area-privada","status":"publish","type":"page","link":"https:\/\/aptsd.pt\/?page_id=210","title":{"rendered":"\u00c1rea Privada"},"content":{"rendered":"<div class=\"is-default-size alignleft wp-block-site-logo\"><a href=\"https:\/\/aptsd.pt\/\" class=\"custom-logo-link\" rel=\"home\"><img loading=\"lazy\" decoding=\"async\" width=\"132\" height=\"132\" src=\"https:\/\/aptsd.pt\/wp-content\/uploads\/2019\/11\/cropped-logo132.jpg\" class=\"custom-logo\" alt=\"APTSD &#8211; Associa\u00e7\u00e3o Portuguesa de Tang Soo Do\" \/><\/a><\/div>\n\n\n<p>\u00c1rea reservada aos s\u00f3cios da APTSD &#8211; Associa\u00e7\u00e3o Portuguesa de Tang Soo Do<\/p>\n\n\n<div class=\"logged-out wp-block-loginout\"><a href=\"https:\/\/aptsd.pt\/wp-login.php?redirect_to=https%3A%2F%2Faptsd.pt%2Findex.php%3Frest_route%3D%252Fwp%252Fv2%252Fpages%252F210\">Iniciar sess\u00e3o<\/a><\/div>\n\n\n<p><\/p>\n","protected":false},"excerpt":{"rendered":"<div class=\"mh-excerpt\"><p>\u00c1rea reservada aos s\u00f3cios da APTSD &#8211; Associa\u00e7\u00e3o Portuguesa de Tang Soo Do<\/p>\n<\/div>","protected":false},"author":1,"featured_media":57,"parent":122,"menu_order":0,"comment_status":"closed","ping_status":"closed","template":"","meta":{"footnotes":""},"class_list":["post-210","page","type-page","status-publish","has-post-thumbnail","hentry"],"_links":{"self":[{"href":"https:\/\/aptsd.pt\/index.php?rest_route=\/wp\/v2\/pages\/210","targetHints":{"allow":["GET"]}}],"collection":[{"href":"https:\/\/aptsd.pt\/index.php?rest_route=\/wp\/v2\/pages"}],"about":[{"href":"https:\/\/aptsd.pt\/index.php?rest_route=\/wp\/v2\/types\/page"}],"author":[{"embeddable":true,"href":"https:\/\/aptsd.pt\/index.php?rest_route=\/wp\/v2\/users\/1"}],"replies":[{"embeddable":true,"href":"https:\/\/aptsd.pt\/index.php?rest_route=%2Fwp%2Fv2%2Fcomments&post=210"}],"version-history":[{"count":3,"href":"https:\/\/aptsd.pt\/index.php?rest_route=\/wp\/v2\/pages\/210\/revisions"}],"predecessor-version":[{"id":263,"href":"https:\/\/aptsd.pt\/index.php?rest_route=\/wp\/v2\/pages\/210\/revisions\/263"}],"up":[{"embeddable":true,"href":"https:\/\/aptsd.pt\/index.php?rest_route=\/wp\/v2\/pages\/122"}],"wp:featuredmedia":[{"embeddable":true,"href":"https:\/\/aptsd.pt\/index.php?rest_route=\/wp\/v2\/media\/57"}],"wp:attachment":[{"href":"https:\/\/aptsd.pt\/index.php?rest_route=%2Fwp%2Fv2%2Fmedia&parent=210"}],"curies":[{"name":"wp","href":"https:\/\/api.w.org\/{rel}","templated":true}]}}